the remainder when 2491 is divided by 2318?
173
Calculate the remainder when 8358 is divided by 2080.
38
Calculate the remainder when 2474 is divided by 2467.
7
What is the remainder when 48686 is divided by 47?
41
Calculate the remainder when 27287 is divided by 535.
2
Calculate the remainder when 1206 is divided by 1187.
19
Calculate the remainder when 186691 is divided by 12446.
1
Calculate the remainder when 571 is divided by 160.
91
Calculate the remainder when 429403 is divided by 160.
123
Calculate the remainder when 2396114 is divided by 34.
32
Calculate the remainder when 8211 is divided by 853.
534
What is the remainder when 75279 is divided by 173?
24
Calculate the remainder when 2858 is divided by 27.
23
What is the remainder when 3904 is divided by 216?
16
What is the remainder when 175284 is divided by 30?
24
Calculate the remainder when 34085 is divided by 78.
77
What is the remainder when 1080126 is divided by 26?
8
What is the remainder when 1554617 is divided by 26?
25
Calculate the remainder when 721 is divided by 79.
10
Calculate the remainder when 942508 is divided by 8.
4
Calculate the remainder when 1033699 is divided by 20.
19
Calculate the remainder when 133159 is divided by 812.
803
Calculate the remainder when 4978 is divided by 94.
90
Calculate the remainder when 12796 is divided by 93.
55
What is the remainder when 7383 is divided by 74?
57
What is the remainder when 9492 is divided by 125?
117
Calculate the remainder when 18142 is divided by 272.
190
What is the remainder when 48588 is divided by 57?
24
Calculate the remainder when 111646 is divided by 564.
538
Calculate the remainder when 100945 is divided by 706.
693
What is the remainder when 32405 is divided by 147?
65
What is the remainder when 5392 is divided by 99?
46
Calculate the remainder when 6135 is divided by 77.
52
What is the remainder when 3857 is divided by 136?
49
What is the remainder when 30826 is divided by 447?
430
Calculate the remainder when 2111 is divided by 770.
571
Calculate the remainder when 13443 is divided by 1032.
27
What is the remainder when 22058 is divided by 2003?
25
Calculate the remainder when 213665 is divided by 26.
23
What is the remainder when 1866 is divided by 933?
0
What is the remainder when 936935 is divided by 312308?
11
Calculate the remainder when 7713 is divided by 353.
300
Calculate the remainder when 40301 is divided by 151.
135
Calculate the remainder when 46254 is divided by 27.
3
What is the remainder when 54856 is divided by 172?
160
Calculate the remainder when 10107 is divided by 38.
37
Calculate the remainder when 8259 is divided by 96.
3
What is the remainder when 13262 is divided by 1705?
1327
What is the remainder when 327905 is divided by 53?
47
Calculate the remainder when 215384 is divided by 107688.
8
Calculate the remainder when 19431 is divided by 41.
38
Calculate the remainder when 105979 is divided by 768.
763
Calculate the remainder when 434146 is divided by 66.
64
What is the remainder when 2799 is divided by 2628?
171
Calculate the remainder when 227770 is divided by 19.
17
Calculate the remainder when 329194 is divided by 42.
40
What is the remainder when 154 is divided by 65?
24
Calculate the remainder when 3201 is divided by 6.
3
Calculate the remainder when 260109 is divided by 86692.
33
Calculate the remainder when 2939 is divided by 118.
107
What is the remainder when 402685 is divided by 416?
413
What is the remainder when 547 is divided by 100?
47
Calculate the remainder when 1692 is divided by 65.
2
What is the remainder when 16095 is divided by 16062?
33
Calculate the remainder when 114508 is divided by 185.
178
Calculate the remainder when 1047 is divided by 23.
12
What is the remainder when 16709 is divided by 800?
709
Calculate the remainder when 6030 is divided by 603.
0
Calculate the remainder when 1115 is divided by 17.
10
Calculate the remainder when 1167 is divided by 251.
163
What is the remainder when 1724 is divided by 400?
124
Calculate the remainder when 704943 is divided by 363.
360
What is the remainder when 539 is divided by 45?
44
Calculate the remainder when 115442 is divided by 198.
8
Calculate the remainder when 38241 is divided by 45.
36
Calculate the remainder when 313597 is divided by 53.
49
Calculate the remainder when 39749 is divided by 5678.
3
What is the remainder when 3780 is divided by 341?
29
What is the remainder when 4692 is divided by 78?
12
What is the remainder when 10325 is divided by 9943?
382
What is the remainder when 12273 is divided by 479?
298
Calculate the remainder when 127169 is divided by 30.
29
Calculate the remainder when 81068 is divided by 7.
1
What is the remainder when 21843 is divided by 7281?
0
Calculate the remainder when 155040 is divided by 22145.
25
Calculate the remainder when 1913 is divided by 422.
225
Calculate the remainder when 4059 is divided by 445.
54
Calculate the remainder when 48961 is divided by 25.
11
What is the remainder when 4363 is divided by 1088?
11
What is the remainder when 9399 is divided by 200?
199
Calculate the remainder when 566426 is divided by 2563.
3
What is the remainder when 3751 is divided by 622?
19
Calculate the remainder when 52035 is divided by 57.
51
What is the remainder when 152182 is divided by 464?
454
Calculate the remainder when 2051 is divided by 28.
7
Calculate the remainder when 33334 is divided by 33321.
13
Calculate the remainder when 1151565 is divided by 18.
15
What is the remainder when 1528116 is divided by 991?
985
What is the remainder when 7172 is divided by 114?
104
What is the remainder when 14357 is divided by 750?
107
Calculate the remainder when 5146 is divided by 123.
103
Calculate the remainder when 1315957 is divided by 167.
164
Calculate the remainder when 74211 is divided by 43.
36
Calculate the remainder when 45675 is divided by 3509.
58
What is the remainder when 5736 is divided by 50?
36
Calculate the remainder when 1164783 is divided by 42.
39
Calculate the remainder when 345525 is divided by 172757.
11
Calculate the remainder when 22160 is divided by 2058.
1580
What is the remainder when 32993 is divided by 1218?
107
Calculate the remainder when 9878 is divided by 1784.
958
Calculate the remainder when 17149 is divided by 260.
249
Calculate the remainder when 53713 is divided by 2236.
49
What is the remainder when 507454 is divided by 67?
63
Calculate the remainder when 702621 is divided by 234207.
0
What is the remainder when 86897 is divided by 66?
41
What is the remainder when 3354997 is divided by 100?
97
Calculate the remainder when 7579 is divided by 37.
31
What is the remainder when 132090 is divided by 791?
784
Calculate the remainder when 2138 is divided by 571.
425
Calculate the remainder when 25167 is divided by 27.
3
Calculate the remainder when 4182619 is divided by 141.
136
What is the remainder when 135797 is divided by 143?
90
Calculate the remainder when 2926663 is divided by 95.
93
Calculate the remainder when 31039 is divided by 555.
514
Calculate the remainder when 85707 is divided by 321.
0
Calculate the remainder when 29278 is divided by 67.
66
What is the remainder when 472868 is divided by 46?
34
Calculate the remainder when 121559 is divided by 18.
5
What is the remainder when 6840 is divided by 8?
0
What is the remainder when 42018 is divided by 6981?
132
What is the remainder when 67137 is divided by 9?
6
What is the remainder when 23578 is divided by 332?
6
Calculate the remainder when 28263 is divided by 93.
84
What is the remainder when 7530 is divided by 620?
90
Calculate the remainder when 386612 is divided by 1068.
1064
Calculate the remainder when 20820 is divided by 11.
8
Calculate the remainder when 2797 is divided by 2726.
71
What is the remainder when 264211 is divided by 93?
91
What is the remainder when 49724 is divided by 75?
74
What is the remainder when 1267613 is divided by 28?
25
Calculate the remainder when 14785 is divided by 371.
316
What is the remainder when 2808 is divided by 211?
65
What is the remainder when 292 is divided by 67?
24
Calculate the remainder when 2976 is divided by 181.
80
Calculate the remainder when 177131 is divided by 174.
173
What is the remainder when 24429 is divided by 129